 k?
8
Let z(l) = l**3 + 16*l**2 - 8*l - 20. Suppose -92 + 12 = 5*p. What is the hundreds digit of z(p)?
1
Let v(w) = -5*w**3 - 8*w**2 - 5*w + 27. What is the units digit of v(-7)?
5
Suppose 0 = -n + 5*i + 175, -4*n - 2*i - 47 + 769 = 0. Suppose -n = -3*o + 45. What is the tens digit of o?
7
Suppose 0 = 4*l - 0*l. Let i be 81/(-3)*(-10)/6. Suppose p + 0*p - i = l. What is the units digit of p?
5
Let b(s) = -s**3 + s - 10. Let n be b(0). Let d = 15 + n. Suppose 0 = d*o - 0*o - 45. What is the units digit of o?
9
Let z = 31 - 13. Suppose 3*u = 135 + z. Suppose o - u = -2*o. What is the units digit of o?
7
Let m = -25 + 25. Suppose -i + 31 + 18 = m. Let h = i - 31. What is the units digit of h?
8
What is the hundreds digit of 1 + 2 + (241 - -16)?
2
Suppose 2568 = 2*v + 4*b, -18*v + 21*v + 5*b = 3848. What is the hundreds digit of v?
2
Let r be (-63)/(-28) + 2/(-8) + 0. Suppose -o + 198 = o + r*z, 3*z = -5*o + 501. What is the units digit of o?
2
Let o(n) = -5*n + 3. Let v(d) = d**3 - 10*d**2 - 11*d - 6. Let k be v(11). What is the units digit of o(k)?
3
Suppose -a + 3*z = z - 4, 0 = -5*a - 4*z + 90. Let p(x) = -5*x - x**2 + 1 + a*x + 0 - 5. What is the units digit of p(6)?
4
Let o(i) = 7*i**2 + 29*i + 122. What is the hundreds digit of o(-21)?
6
Let o be (-241)/5 - (-12)/60. Let k = 68 + o. Suppose k = x + x. What is the units digit of x?
0
Suppose 57*w - 15*w - 74802 = 0. What is the hundreds digit of w?
7
Let g = 5737 + -3778. What is the tens digit of g?
5
Suppose z + 12 = 4*j, 5*z + 17 + 13 = 5*j. Let i = z + 58. What is the units digit of i?
4
Let d(p) = -p**3 - 8*p**2 - 6*p + 26. What is the units digit of d(-7)?
9
Let c(g) = g**2 - 151*g**3 + 5*g - g + 1 + 150*g**3. What is the tens digit of c(-4)?
6
Suppose 3*o = 5*b + 955, 3*b = -2*o - o + 915. Let n = -187 + o. What is the hundreds digit of n?
1
Let q(h) = 940*h + 24. What is the tens digit of q(1)?
6
Suppose 0*y = 3*y + 150. Let u = 10 + y. Let t = u + 57. What is the units digit of t?
7
Let j = 202 + 561. What is the tens digit of j?
6
Let g(a) = -a**2 + 9*a - 6. Let b be g(8). Let k(l) = 4*l**2 + 14 + 7*l - 4*l**2 - 2*l**b + 3*l**2. What is the units digit of k(-4)?
2
Let h = 62 + -104. Let n = 92 + h. What is the tens digit of n?
5
Let g(f) = 6*f + 3. Let o be g(2). Suppose 2*h - 5*b = -o, h - 2 - 1 = -b. Suppose -2*s + 67 = -5*i, -2*i - 1 - 1 = h. What is the units digit of s?
1
Suppose 5*y - 4*y - 4 = 0. Suppose d + 4 = 0, y*f - 5*f = -4*d - 78. What is the tens digit of f?
6
Let s = 12 + 6. Let u = s + -8. What is the units digit of (-16)/20 + 758/u?
5
Let d = 2 - 3. Let m(t) = -3*t - 2*t + 0*t - 19*t. What is the tens digit of m(d)?
2
Let r be 26 + (-2)/(1 + 0). Suppose 8 + r = -4*s. What is the tens digit of 9/((-36)/s)*26?
5
Let n be 0/((-1)/((-1)/2)). Suppose n = 5*q + 2*f + 82, -5*q - 27 = 5*f + 58. Let o = q - -32. What is the units digit of o?
6
Suppose 4*a = 5*a - 14. Suppose -a + 0 = -7*s. Suppose -3*q + s*q = -13. What is the tens digit of q?
1
Let q(x) = -x**3 - x**2 - 2*x - 11. Let p be q(0). Let t = -11 - p. Suppose -5*w - 4*j + 357 = t, 3*w - w - 3*j - 129 = 0. What is the units digit of w?
9
Let w be ((-20)/25)/((-6)/15). Suppose 3*j + t = 26, 45 = 5*j + 3*t - t. Let z = j + w. What is the units digit of z?
9
Suppose 8*t - 5*t = 4*c - 1574, 3*c = 5*t + 1175. What is the hundreds digit of c?
3
Let c = -12 + 8. Let q(r) = 11*r + 6. Let u be q(c). Let h = u - -63. What is the units digit of h?
5
Suppose -99 = -3*i + 141. What is the units digit of i?
0
Let k(m) be the second derivative of m**4/12 + m**3/3 - 5*m**2 - 16*m. Let n be (-1 - 0)/((-3)/(-24)). What is the units digit of k(n)?
8
Suppose -25 = 5*m, 4*v - 3*m = -17 + 80. What is the tens digit of v/(-18) - ((-413)/3 - 2)?
3
Let c = 72 + -350. Let t = c - -413. What is the units digit of t?
5
Suppose 3*f + 3*p - 1657 - 494 = 0, 0 = -f + 5*p + 723. What is the hundreds digit of f?
7
Let s = 1639 - 1181. What is the tens digit of s?
5
Suppose 8 = -2*k, -q + 3*q - 3*k = 46. Suppose q*o - 6 = 15*o. Suppose -o*u = -9 - 30. What is the tens digit of u?
1
Let i(c) = 9*c + 15. Let y = -15 - -23. What is the units digit of i(y)?
7
Suppose 0 = -4*g + 3*h + 1441, -6*g - 3*h = -11*g + 1805. What is the units digit of g?
4
Let r be 0/(-2) - (-4435)/((-15)/(-3)). Suppose -153 = -16*v + r. What is the tens digit of v?
6
Let g(s) be the second derivative of 51*s**5/20 + s**4/6 - s**2/2 + 4*s. What is the tens digit of g(1)?
5
Let u(f) = 5*f**2 + 9*f - 7. Let n(i) = -6*i**2 - 10*i + 7. Let q(v) = 2*n(v) + 3*u(v). What is the units digit of q(-5)?
3
Suppose -4*c - 4*g + 9012 = 0, 2*g + 5578 + 3464 = 4*c. What is the units digit of c?
8
What is the units digit of (-4)/3 + (-18342)/(-27) + -12?
6
Let w = -2870 + 4990. What is the thousands digit of w?
2
Suppose -5*s + 20 = 0, -4*i + s = -0*i + 72. Suppose o - 10 = 4*d + 8, -d = -3*o + 76. Let f = i + o. What is the units digit of f?
9
Let p be (5 + -1)*(-18)/12. Suppose t = -3*q - 77 - 28, q + t = -33. Let v = p - q. What is the units digit of v?
0
Suppose 14*i = 1087 + 1531. What is the hundreds digit of i?
1
Suppose -5*f + 14*f + 9 = 0. What is the tens digit of -34*(-7 - -4) + f?
0
Let z(b) = -17*b - 4. Let a be z(-7). Suppose 0 = -2*v + v - d + a, -561 = -5*v + 2*d. What is the units digit of v?
3
Let t(h) be the third derivative of h**4/24 - 5*h**3/2 + 10*h**2. Let n be t(18). Suppose p + n*c - 32 + 1 = 0, 0 = -p - 4*c + 31. What is the units digit of p?
1
Suppose 4*k = i - 49, 10 = -5*k - 2*i - 35. Let b = 166 - k. What is the tens digit of b?
7
Suppose 10*c - 61 = 9*c. Let z = c + -22. What is the tens digit of z?
3
Let x(y) = 9*y**2 + 3 - 6*y + 8*y**2 + 8*y. What is the units digit of x(-2)?
7
Let b = -13 + 25. What is the units digit of 12*16/b - 2?
4
Suppose -5*x + 5 = -10. Suppose m + x*m + g - 12 = 0, -2*m + 3*g = -20. Suppose -25 - 11 = -m*d. What is the units digit of d?
9
Let j(y) = -y**3 + 11*y**2 + 3*y - 16. Let q = 6 - 1. What is the units digit of j(q)?
9
Let u(s) = 3*s**2 + 3*s + 3. Let a be (-1 + 3 - 3)/1. Let p be (-1)/a*2/(-1). What is the units digit of u(p)?
9
Let i(n) = 7*n + 0 - 1 - 6*n. Let h be i(4). Suppose h*j = -5*s + 9 + 16, -s + 4*j + 28 = 0. What is the units digit of s?
8
Let l be (-1155)/(-27) - (-4)/18. Let g = -31 + l. What is the tens digit of g?
1
Let v be (-152)/(-2*3/(-6)). What is the hundreds digit of (3 - v) + (1 - 2/2)?
1
What is the tens digit of -5 + (2 - ((-12)/(-3) - 1617))?
1
Let k be (-4)/(-2)*(-30)/12. Let b(j) = -j**3 - 3*j**2 + j + 7. Let n be b(k). Suppose -2*x + n = 4*v - 22, 3*x - 113 = -4*v. What is the units digit of x?
9
Let t(a) = -a**2 + 13*a + 4. Suppose 3*m - 12 = 5*f, m - 5*m - 2*f - 10 = 0. Let g be m*(12/4 - 12). What is the units digit of t(g)?
0
Let x(r) = -117*r - 3. Let h be x(-3). Suppose 4*d - h = -4*a, a + 64 = d - 23. What is the units digit of 3/15 + d/15?
6
Let w = -11 - -16. Suppose -2*s = -w*l + 431, 2*l - 96 = -4*s + 86. What is the tens digit of l?
8
Suppose 2441 = -5*t + 8791. What is the units digit of t?
0
Suppose 18*z = 15*z, -4602 = -3*n + 5*z. What is the hundreds digit of n?
5
Let y = 68 - 35. What is the units digit of y?
3
Suppose 5*p = 2*w - 1028, -3*w + 317 = -4*p - 1211. What is the units digit of w?
4
Suppose -2*c - 3277 = -5*r, 4*r + c = -r + 3274. What is the tens digit of r?
5
Suppose -4*h - 237 = 43. What is the units digit of (0 - 2/7) + (-4150)/h?
9
Suppose -15*g - 38766 = -28*g. What is the units digit of g?
2
Suppose -6*t = -t - 690. Suppose 3*d - t = -24. What is the tens digit of d?
3
Let y(o) = -o**3 - 12*o**2 - 2*o - 12. Let n be y(-12). Suppose n*l - 16*l = -416. What is the units digit of l?
4
Let g(n) = 4*n**3 + 7*n**2 - 3*n + 6. What is the tens digit of g(4)?
6
Suppose 6*n - 3*n - 218 = 4*b, -n = -5*b - 69. Suppose -3*w + n = -19. What is the tens digit of w?
3
Suppose -2*s - 7 = -2*h - 17, 0 = -2*s - 4*h + 40. Suppose 2*l - 2*u - s = -4*u, 0 = 2*l + u - 7. What is the tens digit of (l - 3) + 3*10?
2
Let f(p) = 2*p - p + 2*p - 4*p + 16. Let n be f(10). What is the units digit of 0 + -14*(-3)/n?
7
Suppose -4*a - 1822 + 5766 = 0. What is the units digit of a?
6
Let s(p) = p**3 + 7*p**2 + 4*p - 5. Let g be s(-6). Let x = g + 52. Suppose 1 = 2*w - x. What is the units di